{"id":969,"date":"2025-10-10T09:18:06","date_gmt":"2025-10-10T07:18:06","guid":{"rendered":"https:\/\/question-dequilibre.fr\/?page_id=969"},"modified":"2025-10-10T09:28:29","modified_gmt":"2025-10-10T07:28:29","slug":"infos-pratiques","status":"publish","type":"page","link":"https:\/\/question-dequilibre.fr\/?page_id=969","title":{"rendered":"Infos pratiques"},"content":{"rendered":"\n<p><a href=\"https:\/\/www.ffme.fr\/\">F\u00e9d\u00e9ration Fran\u00e7aise de la Montagne et de l\u2019Escalade (FFME)<\/a><\/p>\n\n\n\n<p><a href=\"https:\/\/question-dequilibre.fr\/wp-content\/uploads\/2025\/10\/Bonne-pratique-de-lescalade.1.pdf\">Bonne pratique de l&rsquo;escalade 1<\/a><\/p>\n\n\n\n<p><a href=\"https:\/\/question-dequilibre.fr\/wp-content\/uploads\/2025\/10\/Bonne-pratique-de-lescalade.2.pdf\">Bonne pratique de l&rsquo;escalade 2<\/a><\/p>\n\n\n\n<p><a href=\"https:\/\/question-dequilibre.fr\/wp-content\/uploads\/2025\/10\/Non-a-la-violence.jpg\">Non \u00e0 la violence dans le sport.<\/a><\/p>\n\n\n\n<p><\/p>\n","protected":false},"excerpt":{"rendered":"<p>F\u00e9d\u00e9ration Fran\u00e7aise de la Montagne et de l\u2019Escalade (FFME) Bonne pratique de l&rsquo;escalade 1 Bonne pratique de l&rsquo;escalade 2 Non \u00e0 la violence dans le sport.<\/p>\n","protected":false},"author":1,"featured_media":0,"parent":0,"menu_order":0,"comment_status":"closed","ping_status":"closed","template":"","meta":{"ngg_post_thumbnail":0,"footnotes":""},"class_list":["post-969","page","type-page","status-publish","hentry"],"_links":{"self":[{"href":"https:\/\/question-dequilibre.fr\/index.php?rest_route=\/wp\/v2\/pages\/969","targetHints":{"allow":["GET"]}}],"collection":[{"href":"https:\/\/question-dequilibre.fr\/index.php?rest_route=\/wp\/v2\/pages"}],"about":[{"href":"https:\/\/question-dequilibre.fr\/index.php?rest_route=\/wp\/v2\/types\/page"}],"author":[{"embeddable":true,"href":"https:\/\/question-dequilibre.fr\/index.php?rest_route=\/wp\/v2\/users\/1"}],"replies":[{"embeddable":true,"href":"https:\/\/question-dequilibre.fr\/index.php?rest_route=%2Fwp%2Fv2%2Fcomments&post=969"}],"version-history":[{"count":5,"href":"https:\/\/question-dequilibre.fr\/index.php?rest_route=\/wp\/v2\/pages\/969\/revisions"}],"predecessor-version":[{"id":979,"href":"https:\/\/question-dequilibre.fr\/index.php?rest_route=\/wp\/v2\/pages\/969\/revisions\/979"}],"wp:attachment":[{"href":"https:\/\/question-dequilibre.fr\/index.php?rest_route=%2Fwp%2Fv2%2Fmedia&parent=969"}],"curies":[{"name":"wp","href":"https:\/\/api.w.org\/{rel}","templated":true}]}}